*v - 512. Calculate n(1).
75
Let p(n) = n**2 + 8003*n + 837148. What is p(-106)?
66
Let q(a) = -6940*a + 13961. Calculate q(2).
81
Let i(g) = 2*g**2 + 651*g + 38275. What is i(-77)?
6
Let r(c) = -2*c**3 - 93*c**2 + 102*c + 12. Give r(-48).
2028
Let v(d) = 2*d**3 - 1073*d**2 + 298*d + 127561. Determine v(536).
-7
Let d(w) = -14*w + 896. Calculate d(84).
-280
Let v(r) = r**2 - 24*r - 5485. Give v(-63).
-4
Let z(w) = -246*w**2 - 12014*w + 156. Calculate z(-49).
-1804
Let l(i) = i**3 - 24*i**2 + 73*i + 121. What is l(13)?
-789
Let w(d) = d**2 + 2278*d + 254727. Determine w(-118).
-153
Let b(x) = -13*x**2 - 129*x + 3440. Give b(12).
20
Let q(h) = h**3 + 202*h**2 - 5205*h - 126. Determine q(-225).
6624
Let n(a) = 3*a**2 + 49006*a + 930033. Give n(-19).
2
Let a(i) = 8*i**3 + 200*i**2 - 21644*i - 174. Determine a(41).
-10
Let r(o) = -24*o**2 + 813*o - 6854. What is r(18)?
4
Let u(k) = 7*k**2 - 2868*k + 14306. Calculate u(5).
141
Let q(v) = 2107*v - 8856. Give q(4).
-428
Let c(g) = -10*g**3 + 917*g**2 + 297*g - 1856. What is c(92)?
76
Let a(z) = -z**3 - 33*z**2 + 73*z + 2436. Calculate a(-33).
27
Let o(u) = -u**2 - 74816*u + 2769561. Give o(37).
0
Let t(d) = -59*d**2 + 450*d - 595. What is t(6)?
-19
Let j(r) = -r**3 - 76*r**2 + 1143*r + 106342. Determine j(-71).
-16
Let n(i) = -i**3 - 76*i**2 - 962*i + 736. Determine n(-17).
39
Let c(k) = -k**3 + 143*k**2 + 29671*k - 378. Calculate c(258).
-120
Let f(q) = q**2 - 13205*q + 171431. What is f(13)?
-65
Let a(f) = 83*f**2 + 1145*f - 252. What is a(-14)?
-14
Let r(k) = -75*k**2 + 982*k - 1012. What is r(12)?
-28
Let z(i) = -19*i**2 - 460*i + 4647. What is z(-32)?
-89
Let g(c) = 2*c**3 - 186*c**2 + 57*c + 11104. Determine g(92).
-580
Let s(z) = -44*z**3 - 11*z**2 - 39*z - 35. Give s(-1).
37
Let n(h) = -h**3 - 587*h**2 + 4709*h + 15. What is n(8)?
-393
Let j(x) = -25*x**2 + 14665*x + 20603. What is j(588)?
23
Let s(v) = -54*v**2 - 4332*v + 2. What is s(-80)?
962
Let h(z) = z**2 - 3547*z + 551601. Give h(163).
9
Let d(v) = v**3 + 196*v**2 - 8619*v + 472. Calculate d(-233).
6
Let s(y) = -70*y**2 + 1404*y. What is s(17)?
3638
Let w(c) = 62*c**2 + 79*c - 800. Calculate w(3).
-5
Let g(d) = 1684*d - 17504. Give g(10).
-664
Let k(f) = 464*f + 1931. Calculate k(-4).
75
Let q(n) = 16*n**3 + 13*n**2 + 87*n + 15. Determine q(-5).
-2095
Let o(c) = 38*c**2 - 1977*c + 1985. Determine o(51).
-4
Let q(i) = -i**3 - 226*i**2 - 5217*i - 1. Determine q(-26).
441
Let t(z) = -523*z + 7515. Give t(14).
193
Let d(c) = -747*c - 11178. Determine d(-15).
27
Let z(j) = 8*j**2 + 213*j + 1140. What is z(-16)?
-220
Let r(v) = -2*v**3 - 570*v**2 + 150*v + 42755. Calculate r(-285).
5
Let x(m) = m**3 - 13*m**2 + 17*m - 764. Give x(15).
-59
Let p(z) = 18590*z - 6432099. Give p(346).
41
Let s(d) = 20388*d + 183506. Determine s(-9).
14
Let v(x) = x**3 + 63*x**2 + 66*x - 29201. Give v(-50).
-1
Let g(p) = p**2 - 420*p - 97284. Give g(-166).
-8
Let l(n) = -n**3 + 26*n**2 - 170*n + 4365. Calculate l(25).
740
Let g(r) = 7*r**3 + r**2 - 164*r - 1131. Calculate g(-7).
-2335
Let k(s) = -2*s**3 - 534*s**2 + 3237*s. Determine k(6).
-234
Let t(p) = -p**2 - 71699*p + 6964208. Determine t(97).
-4
Let t(f) = 854*f**2 - 9466*f + 757. What is t(11)?
-35
Let l(d) = d**3 - 72*d**2 + 1677*d - 12722. Give l(32).
-18
Let b(j) = 6*j**2 - 983*j - 4913. Calculate b(-5).
152
Let x(b) = -b**3 + 7*b**2 - 5787*b - 41225. Determine x(-7).
-30
Let t(o) = -2*o**3 + 5*o**2 + 1295*o - 6467. Determine t(5).
-117
Let h(j) = -188*j**2 - 4*j + 7. Calculate h(1).
-185
Let j(l) = -4*l**3 + 22*l**2 - 144*l + 327. Give j(7).
-975
Let s(i) = -8*i**3 + 77*i**2 + 164*i - 1367. What is s(10)?
-27
Let t(i) = -i**3 + 9*i**2 + 32*i + 185. What is t(13)?
-75
Let f(a) = a**3 - 15*a**2 - 9214*a + 129186. Calculate f(14).
-6
Let d(r) = -52*r + 160. Determine d(0).
160
Let z(k) = k**2 + 338*k + 8307. What is z(-27)?
-90
Let t(j) = -971*j + 154156. Give t(159).
-233
Let x(f) = 1803854*f - 3607703. Give x(2).
5
Let r(m) = -344*m**2 - 17*m + 14. Give r(1).
-347
Let i(c) = -4221*c - 97686. Determine i(-23).
-603
Let o(g) = 40*g**3 + 104*g**2 + 16*g + 63. What is o(-3)?
-129
Let w(o) = -15*o**2 + 3125*o + 2917. Give w(209).
827
Let g(m) = m**3 - 195*m**2 - 16252*m + 82. Calculate g(-63).
-44
Let i(j) = -34107*j + 238735. Give i(7).
-14
Let q(b) = -152342*b - 1675766. Determine q(-11).
-4
Let x(f) = f**2 - 239*f - 5073. Determine x(-20).
107
Let w(t) = t**2 - 98*t + 5424. Calculate w(57).
3087
Let y(h) = 456*h - 20851. Give y(48).
1037
Let n(z) = z**2 - 508*z - 3496. What is n(-7)?
109
Let f(t) = -t**3 + 313*t**2 + 5609*t - 358. Give f(330).
-688
Let k(q) = -2*q**2 + 1846*q - 220530. Determine k(141).
-6
Let s(w) = -567*w + 16972. What is s(30)?
-38
Let g(s) = 2345*s - 28480. Determine g(12).
-340
Let j(r) = r**2 + 546558*r + 6012011. What is j(-11)?
-6
Let s(m) = -86*m**2 - 248*m - 2. Determine s(-6).
-1610
Let f(p) = p**3 + 37*p**2 - 632*p - 249. Determine f(13).
-15
Let j(v) = -1702*v**2 + 10319*v - 638. Give j(6).
4
Let q(o) = -o**2 + 95309*o + 1143890. What is q(-12)?
38
Let w(v) = 10839*v + 15911660. Determine w(-1468).
8
Let i(m) = -99*m**2 - 15764*m - 3688. Give i(-159).
-31
Let p(t) = -t + 810. What is p(3)?
807
Let z(a) = -a**3 + 34*a**2 + 108*a + 109. Give z(38).
-1563
Let y(l) = 16482*l - 32964. Give y(2).
0
Let b(p) = -325344*p - 325352. Calculate b(-1).
-8
Let u(z) = -138*z - 5319. Determine u(-28).
-1455
Let h(b) = b**2 + 154*b - 1782. Determine h(11).
33
Let u(l) = -923*l + 372902. Determine u(404).
10
Let v(y) = -2296*y + 581. Give v(0).
581
Let y(t) = 3*t**3 + 107*t**2 + 72*t + 89. Give y(-35).
19
Let k(i) = 3013*i + 14927. What is k(-5)?
-138
Let h(o) = 137987*o - 6347397. Give h(46).
5
Let t(r) = 2*r**3 + 54*r**2 - 1061*r + 1484. Give t(12).
-16
Let u(y) = 2*y**3 - 709*y**2 + 14941*y - 456. Give u(332).
-124
Let n(k) = -23242*k + 766966. Calculate n(33).
-20
Let k(x) = -4*x**2 + 2247*x + 216960. Determine k(-84).
-12
Let c(g) = 1272*g + 21704. What is c(-17)?
80
Let j(m) = 17*m**3 - 301*m**2 - 96*m + 134. Give j(18).
26
Let s(d) = 1978*d + 158951. Give s(-78).
4667
Let i(b) = -1583*b - 506567. Determine i(-320).
-7
Let c(y) = -2*y**2 - 259835*y - 7014120. Calculate c(-27).
-33
Let j(m) = -57702*m + 634743. Calculate j(11).
21
Let x(z) = 56*z**2 - 2279*z - 147. Calculate x(41).
550
Let q(o) = 3085*o - 2600. What is q(1)?
485
Let j(t) = -396*t**2 - 197*t + 21. Give j(1).
-572
Let j(r) = -2*r**3 - 116*r**2 - 117*r - 267. Give j(-57).
-96
Let b(c) = -9*c**3 + 324*c**2 - 2293*c - 476. Give b(10).
-6
Let k(g) = -130*g**2 - 1941*g + 155. Determine k(-15).
20
Let c(n) = -7302*n + 1358166. Give c(186).
-6
Let h(o) = 2*o**3 - 18*o**2 - 423*o + 22. Calculate h(-12).
-950
Let g(p) = -53*p - 5349. What is g(-30)?
-3759
Let w(r) = -5*r**3 - 433*r**2 - 683*r - 151. Determine w(-85).
104
Let k(m) = 7*m**3 - 20*m**2 - 95*m + 87. Give k(7).
843
Let s(p) = 3*p**2 - 97*p - 795. Give s(-8).
173
Let t(n) = -n**3 + 345*n**2 - 795*n + 37381. Give t(343).
-6
Let q(z) = z**2 - 191*z + 7321. Give q(62).
-677
Let p(o) = 3*o**2 - 738*o + 10768. Determine p(15).
373
Let f(n) = 3*n**3 - 18*n**2 - 15*n + 50. Determine f(-2).
-16
Let g(o) = 10*o**3 + 74*o**2 - 163*o + 90. Give g(1).
11
Let i(f) = -7*f**2 + 788*f - 339. Calculate i(113).
-678
Let a(u) = -1449*u + 1523. Determine a(1).
74
Let b(x) = 31726*x**2 + 63530*x + 3. Determine b(-2).
-153
Let q(z) = -12*z**3 - 203*z**2 - 849*z - 190. Give q(-10).
0
Let y(g) = g**3 - 670*g**2 + 1627*g - 194385. Give y(668).
3
Let h(x) = -19*x**3 + 381*x**2 - 3*x - 484. What is h(20)?
-144
Let v(c) = c**3 + 124*c**2 + 2088*c + 159. What is v(-20)?
-1
Let g(o) = 27101*o - 487818. Give g(18).
0
Let x(s) = 512*s**2 + 3337*s + 1615. Determine x(-6).
25
Let h(o) = 4*o**3 - 2073*o**2 + 4655*o - 5466. Calculate h(516).
210
Let k(d) = -4576*d**2 - 498775*d + 990. Determine k(-109).
9
Let t(f) = 20246*f - 121463. Calculate t(6).
13
Let x(q) = -q**2 + 94*q + 4814. Give x(-60).
-4426
Let o(x) = 24*x**2 + 842*x + 143. Determine o(-35).
73
Let k(b) = b**3 - 15*b**2 - 100*b + 1424. Give k(10).
-76
Let t(n) = -6*n**3 - 851*n**2 - 7798*n - 1327. Calculate t(-132).
-7
Let b(q) = 7*q**2 - 37*q - 107. Calculate b(8).
45
Let r(v) = -2*v**3 + 48*v**2 + 17*v + 442. What is r(24)?
850
Let n(a) = 2